 is the remainder when 2961 is divided by 76?
73
Calculate the remainder when 390 is divided by 8.
6
What is the remainder when 82 is divided by 34?
14
Calculate the remainder when 135 is divided by 17.
16
What is the remainder when 672 is divided by 15?
12
What is the remainder when 16 is divided by 2?
0
Calculate the remainder when 1988 is divided by 41.
20
Calculate the remainder when 119 is divided by 51.
17
Calculate the remainder when 97 is divided by 27.
16
Calculate the remainder when 7462 is divided by 131.
126
What is the remainder when 958 is divided by 30?
28
Calculate the remainder when 77 is divided by 70.
7
What is the remainder when 872 is divided by 98?
88
What is the remainder when 98 is divided by 27?
17
Calculate the remainder when 2833 is divided by 22.
17
What is the remainder when 311 is divided by 11?
3
What is the remainder when 772 is divided by 27?
16
Calculate the remainder when 1370 is divided by 125.
120
What is the remainder when 569 is divided by 24?
17
What is the remainder when 143 is divided by 27?
8
What is the remainder when 503 is divided by 11?
8
What is the remainder when 1980 is divided by 31?
27
What is the remainder when 1884 is divided by 46?
44
What is the remainder when 332 is divided by 64?
12
What is the remainder when 604 is divided by 301?
2
Calculate the remainder when 33 is divided by 6.
3
What is the remainder when 811 is divided by 117?
109
Calculate the remainder when 1161 is divided by 14.
13
Calculate the remainder when 61 is divided by 16.
13
What is the remainder when 4755 is divided by 67?
65
What is the remainder when 519 is divided by 87?
84
What is the remainder when 2390 is divided by 126?
122
Calculate the remainder when 59 is divided by 4.
3
Calculate the remainder when 175 is divided by 59.
57
What is the remainder when 113 is divided by 86?
27
Calculate the remainder when 153 is divided by 31.
29
What is the remainder when 70 is divided by 25?
20
Calculate the remainder when 836 is divided by 78.
56
Calculate the remainder when 14211 is divided by 46.
43
Calculate the remainder when 1102 is divided by 91.
10
Calculate the remainder when 4205 is divided by 31.
20
Calculate the remainder when 1734 is divided by 22.
18
What is the remainder when 38 is divided by 8?
6
Calculate the remainder when 148 is divided by 68.
12
What is the remainder when 334 is divided by 24?
22
What is the remainder when 1528 is divided by 379?
12
What is the remainder when 177 is divided by 50?
27
What is the remainder when 15414 is divided by 164?
162
What is the remainder when 1204 is divided by 201?
199
Calculate the remainder when 478 is divided by 117.
10
What is the remainder when 63 is divided by 38?
25
Calculate the remainder when 179 is divided by 110.
69
Calculate the remainder when 132 is divided by 72.
60
What is the remainder when 733 is divided by 274?
185
What is the remainder when 61 is divided by 21?
19
What is the remainder when 426 is divided by 321?
105
What is the remainder when 2630 is divided by 328?
6
What is the remainder when 2085 is divided by 59?
20
What is the remainder when 5615 is divided by 104?
103
Calculate the remainder when 104 is divided by 22.
16
What is the remainder when 672 is divided by 50?
22
What is the remainder when 3595 is divided by 300?
295
What is the remainder when 13649 is divided by 50?
49
Calculate the remainder when 24 is divided by 5.
4
Calculate the remainder when 10415 is divided by 12.
11
What is the remainder when 263 is divided by 25?
13
What is the remainder when 585 is divided by 29?
5
What is the remainder when 2365 is divided by 169?
168
What is the remainder when 636 is divided by 79?
4
Calculate the remainder when 532 is divided by 26.
12
Calculate the remainder when 86 is divided by 19.
10
Calculate the remainder when 11009 is divided by 58.
47
Calculate the remainder when 514 is divided by 85.
4
What is the remainder when 2311 is divided by 68?
67
Calculate the remainder when 399 is divided by 20.
19
Calculate the remainder when 19891 is divided by 14.
11
Calculate the remainder when 221 is divided by 151.
70
What is the remainder when 362 is divided by 26?
24
What is the remainder when 4933 is divided by 35?
33
Calculate the remainder when 176 is divided by 64.
48
Calculate the remainder when 3165 is divided by 33.
30
What is the remainder when 2314 is divided by 16?
10
Calculate the remainder when 6359 is divided by 20.
19
What is the remainder when 44 is divided by 8?
4
Calculate the remainder when 57 is divided by 33.
24
Calculate the remainder when 711 is divided by 168.
39
What is the remainder when 69 is divided by 61?
8
Calculate the remainder when 133 is divided by 18.
7
What is the remainder when 89 is divided by 13?
11
What is the remainder when 351 is divided by 91?
78
Calculate the remainder when 59 is divided by 17.
8
What is the remainder when 459 is divided by 81?
54
What is the remainder when 142 is divided by 73?
69
What is the remainder when 91 is divided by 58?
33
What is the remainder when 14097 is divided by 23?
21
Calculate the remainder when 163 is divided by 15.
13
Calculate the remainder when 57 is divided by 22.
13
Calculate the remainder when 903 is divided by 225.
3
Calculate the remainder when 933 is divided by 545.
388
Calculate the remainder when 15754 is divided by 101.
99
What is the remainder when 90 is divided by 31?
28
What is the remainder when 51 is divided by 18?
15
What is the remainder when 1066 is divided by 81?
13
What is the remainder when 542 is divided by 39?
35
What is the remainder when 892 is divided by 81?
1
Calculate the remainder when 1679 is divided by 556.
11
What is the remainder when 38 is divided by 7?
3
Calculate the remainder when 136 is divided by 10.
6
What is the remainder when 1085 is divided by 58?
41
What is the remainder when 6117 is divided by 1015?
27
Calculate the remainder when 36 is divided by 2.
0
Calculate the remainder when 2502 is divided by 37.
23
Calculate the remainder when 114 is divided by 42.
30
What is the remainder when 25 is divided by 9?
7
Calculate the remainder when 89 is divided by 23.
20
What is the remainder when 985 is divided by 193?
20
Calculate the remainder when 812 is divided by 197.
24
Calculate the remainder when 317 is divided by 32.
29
What is the remainder when 40 is divided by 19?
2
Calculate the remainder when 190 is divided by 53.
31
What is the remainder when 2642 is divided by 50?
42
Calculate the remainder when 1589 is divided by 77.
49
What is the remainder when 135 is divided by 81?
54
What is the remainder when 1609 is divided by 13?
10
What is the remainder when 197 is divided by 29?
23
What is the remainder when 222 is divided by 7?
5
Calculate the remainder when 511 is divided by 21.
7
Calculate the remainder when 76 is divided by 16.
12
Calculate the remainder when 749 is divided by 23.
13
What is the remainder when 144 is divided by 87?
57
Calculate the remainder when 132 is divided by 13.
2
Calculate the remainder when 9886 is divided by 12.
10
Calculate the remainder when 1083 is divided by 214.
13
What is the remainder when 1708 is divided by 338?
18
What is the remainder when 223 is divided by 127?
96
Calculate the remainder when 915 is divided by 129.
12
What is the remainder when 130 is divided by 13?
0
What is the remainder when 893 is divided by 14?
11
Calculate the remainder when 5475 is divided by 66.
63
Calculate the remainder when 307 is divided by 156.
151
What is the remainder when 545 is divided by 14?
13
What is the remainder when 4523 is divided by 9?
5
Calculate the remainder when 83 is divided by 11.
6
What is the remainder when 4781 is divided by 19?
12
Calculate the remainder when 21 is divided by 17.
4
Calculate the remainder when 4186 is divided by 17.
4
Calculate the remainder when 5672 is divided by 80.
72
What is the remainder when 148 is divided by 40?
28
What is the remainder when 712 is divided by 45?
37
Calculate the remainder when 156 is divided by 20.
16
What is the remainder when 276 is divided by 30?
6
What is the remainder when 226 is divided by 39?
31
Calculate the remainder when 632 is divided by 5.
2
What is the remainder when 118 is divided by 30?
28
What is the remainder when 